{"id":249862,"date":"2022-06-10T07:00:13","date_gmt":"2022-06-10T05:00:13","guid":{"rendered":"https:\/\/runningmama.it\/shop\/?post_type=product&#038;p=249862"},"modified":"2022-10-26T10:59:25","modified_gmt":"2022-10-26T08:59:25","slug":"maglia-manica-lunga-fuxia-fluo","status":"publish","type":"product","link":"https:\/\/runningmama.it\/shop\/product\/maglia-manica-lunga-fuxia-fluo\/","title":{"rendered":"Maglia manica lunga linea FUCSIA FLUO"},"content":{"rendered":"<p><img decoding=\"async\" class=\"alignnone size-full wp-image-12134 lazyload\" src=\"data:image\/gif;base64,R0lGODlhAQABAIAAAAAAAP\/\/\/yH5BAEAAAAALAAAAAABAAEAAAIBRAA7\" data-src=\"https:\/\/runningmama.it\/shop\/wp-content\/uploads\/2021\/08\/Tabella-taglie.png\" alt=\"\" width=\"2560\" height=\"1504\" \/><noscript><img decoding=\"async\" class=\"alignnone size-full wp-image-12134 lazyload\" src=\"https:\/\/runningmama.it\/shop\/wp-content\/uploads\/2021\/08\/Tabella-taglie.png\" alt=\"\" width=\"2560\" height=\"1504\" \/><\/noscript><\/p>\n","protected":false},"excerpt":{"rendered":"<p>Scopri la nuova collezione di abbigliamento tecnico <strong>Running Mama <\/strong>disponibile<strong> in serie limitata<\/strong> per l&#8217;estate 2022<strong>!<\/strong><\/p>\n<p>Non pu\u00f2 mancare la <b>maglia a manica lunga Running Mama<\/b> in fantasia fucsia fluo, prodotta in tessuto tecnico leggero, anti-vento e traspirante. Concepita appositamente per le stagioni pi\u00f9 calde e le giornate ventilate, ha vestibilit\u00e0 aderente, \u00e8 confortevole e adattabile al corpo. E&#8217; perfetta per i nostri allenamenti indoor e outdoor!<\/p>\n","protected":false},"featured_media":249909,"comment_status":"open","ping_status":"closed","template":"","meta":{"_et_pb_use_builder":"off","_et_pb_old_content":"<img class=\"alignnone size-full wp-image-12134\" src=\"https:\/\/runningmama.it\/shop\/wp-content\/uploads\/2021\/08\/Tabella-taglie.png\" alt=\"\" width=\"2560\" height=\"1504\" \/>","_et_gb_content_width":"","_joinchat":[]},"product_brand":[],"product_cat":[43],"product_tag":[],"class_list":{"0":"post-249862","1":"product","2":"type-product","3":"status-publish","4":"has-post-thumbnail","6":"product_cat-abbigliamento-tutto","8":"first","9":"outofstock","10":"taxable","11":"shipping-taxable","12":"purchasable","13":"product-type-variable"},"yoast_head":"<!-- This site is optimized with the Yoast SEO plugin v27.3 - https:\/\/yoast.com\/product\/yoast-seo-wordpress\/ -->\n<title>Maglia manica lunga linea FUCSIA FLUO - Running Mama<\/title>\n<meta name=\"robots\" content=\"index, follow, max-snippet:-1, max-image-preview:large, max-video-preview:-1\" \/>\n<link rel=\"canonical\" href=\"https:\/\/runningmama.it\/shop\/product\/maglia-manica-lunga-fuxia-fluo\/\" \/>\n<meta property=\"og:locale\" content=\"it_IT\" \/>\n<meta property=\"og:type\" content=\"article\" \/>\n<meta property=\"og:title\" content=\"Maglia manica lunga linea FUCSIA FLUO - Running Mama\" \/>\n<meta property=\"og:description\" content=\"Scopri la nuova collezione di abbigliamento tecnico Running Mama disponibile in serie limitata per l&#039;estate 2022!  Non pu\u00f2 mancare la maglia a manica lunga Running Mama in fantasia fucsia fluo, prodotta in tessuto tecnico leggero, anti-vento e traspirante. Concepita appositamente per le stagioni pi\u00f9 calde e le giornate ventilate, ha vestibilit\u00e0 aderente, \u00e8 confortevole e adattabile al corpo. E&#039; perfetta per i nostri allenamenti indoor e outdoor!\" \/>\n<meta property=\"og:url\" content=\"https:\/\/runningmama.it\/shop\/product\/maglia-manica-lunga-fuxia-fluo\/\" \/>\n<meta property=\"og:site_name\" content=\"Running Mama\" \/>\n<meta property=\"article:publisher\" content=\"https:\/\/www.facebook.com\/runningmama1\" \/>\n<meta property=\"article:modified_time\" content=\"2022-10-26T08:59:25+00:00\" \/>\n<meta property=\"og:image\" content=\"https:\/\/runningmama.it\/shop\/wp-content\/uploads\/2022\/06\/WhatsApp-Image-2022-06-08-at-11.01.38.jpeg\" \/>\n\t<meta property=\"og:image:width\" content=\"1600\" \/>\n\t<meta property=\"og:image:height\" content=\"1600\" \/>\n\t<meta property=\"og:image:type\" content=\"image\/jpeg\" \/>\n<meta name=\"twitter:card\" content=\"summary_large_image\" \/>\n<meta name=\"twitter:label1\" content=\"Tempo di lettura stimato\" \/>\n\t<meta name=\"twitter:data1\" content=\"1 minuto\" \/>\n<script type=\"application\/ld+json\" class=\"yoast-schema-graph\">{\"@context\":\"https:\\\/\\\/schema.org\",\"@graph\":[{\"@type\":\"WebPage\",\"@id\":\"https:\\\/\\\/runningmama.it\\\/shop\\\/product\\\/maglia-manica-lunga-fuxia-fluo\\\/\",\"url\":\"https:\\\/\\\/runningmama.it\\\/shop\\\/product\\\/maglia-manica-lunga-fuxia-fluo\\\/\",\"name\":\"Maglia manica lunga linea FUCSIA FLUO - Running Mama\",\"isPartOf\":{\"@id\":\"https:\\\/\\\/runningmama.it\\\/shop\\\/#website\"},\"primaryImageOfPage\":{\"@id\":\"https:\\\/\\\/runningmama.it\\\/shop\\\/product\\\/maglia-manica-lunga-fuxia-fluo\\\/#primaryimage\"},\"image\":{\"@id\":\"https:\\\/\\\/runningmama.it\\\/shop\\\/product\\\/maglia-manica-lunga-fuxia-fluo\\\/#primaryimage\"},\"thumbnailUrl\":\"https:\\\/\\\/runningmama.it\\\/shop\\\/wp-content\\\/uploads\\\/2022\\\/06\\\/WhatsApp-Image-2022-06-08-at-11.01.38.jpeg\",\"datePublished\":\"2022-06-10T05:00:13+00:00\",\"dateModified\":\"2022-10-26T08:59:25+00:00\",\"breadcrumb\":{\"@id\":\"https:\\\/\\\/runningmama.it\\\/shop\\\/product\\\/maglia-manica-lunga-fuxia-fluo\\\/#breadcrumb\"},\"inLanguage\":\"it-IT\",\"potentialAction\":[{\"@type\":\"ReadAction\",\"target\":[\"https:\\\/\\\/runningmama.it\\\/shop\\\/product\\\/maglia-manica-lunga-fuxia-fluo\\\/\"]}]},{\"@type\":\"ImageObject\",\"inLanguage\":\"it-IT\",\"@id\":\"https:\\\/\\\/runningmama.it\\\/shop\\\/product\\\/maglia-manica-lunga-fuxia-fluo\\\/#primaryimage\",\"url\":\"https:\\\/\\\/runningmama.it\\\/shop\\\/wp-content\\\/uploads\\\/2022\\\/06\\\/WhatsApp-Image-2022-06-08-at-11.01.38.jpeg\",\"contentUrl\":\"https:\\\/\\\/runningmama.it\\\/shop\\\/wp-content\\\/uploads\\\/2022\\\/06\\\/WhatsApp-Image-2022-06-08-at-11.01.38.jpeg\",\"width\":1600,\"height\":1600},{\"@type\":\"BreadcrumbList\",\"@id\":\"https:\\\/\\\/runningmama.it\\\/shop\\\/product\\\/maglia-manica-lunga-fuxia-fluo\\\/#breadcrumb\",\"itemListElement\":[{\"@type\":\"ListItem\",\"position\":1,\"name\":\"Home\",\"item\":\"https:\\\/\\\/runningmama.it\\\/shop\\\/\"},{\"@type\":\"ListItem\",\"position\":2,\"name\":\"Shop\",\"item\":\"https:\\\/\\\/runningmama.it\\\/shop\\\/\"},{\"@type\":\"ListItem\",\"position\":3,\"name\":\"Abbigliamento\",\"item\":\"https:\\\/\\\/runningmama.it\\\/shop\\\/categoria-prodotto\\\/abbigliamento-tutto\\\/\"},{\"@type\":\"ListItem\",\"position\":4,\"name\":\"Maglia manica lunga linea FUCSIA FLUO\"}]},{\"@type\":\"WebSite\",\"@id\":\"https:\\\/\\\/runningmama.it\\\/shop\\\/#website\",\"url\":\"https:\\\/\\\/runningmama.it\\\/shop\\\/\",\"name\":\"Running Mama\",\"description\":\"Shop Ufficiale\",\"publisher\":{\"@id\":\"https:\\\/\\\/runningmama.it\\\/shop\\\/#organization\"},\"potentialAction\":[{\"@type\":\"SearchAction\",\"target\":{\"@type\":\"EntryPoint\",\"urlTemplate\":\"https:\\\/\\\/runningmama.it\\\/shop\\\/?s={search_term_string}\"},\"query-input\":{\"@type\":\"PropertyValueSpecification\",\"valueRequired\":true,\"valueName\":\"search_term_string\"}}],\"inLanguage\":\"it-IT\"},{\"@type\":\"Organization\",\"@id\":\"https:\\\/\\\/runningmama.it\\\/shop\\\/#organization\",\"name\":\"Running Mama SRLS\",\"url\":\"https:\\\/\\\/runningmama.it\\\/shop\\\/\",\"logo\":{\"@type\":\"ImageObject\",\"inLanguage\":\"it-IT\",\"@id\":\"https:\\\/\\\/runningmama.it\\\/shop\\\/#\\\/schema\\\/logo\\\/image\\\/\",\"url\":\"https:\\\/\\\/runningmama.it\\\/shop\\\/wp-content\\\/uploads\\\/2020\\\/11\\\/RUNMA_logo-2X.png\",\"contentUrl\":\"https:\\\/\\\/runningmama.it\\\/shop\\\/wp-content\\\/uploads\\\/2020\\\/11\\\/RUNMA_logo-2X.png\",\"width\":604,\"height\":300,\"caption\":\"Running Mama SRLS\"},\"image\":{\"@id\":\"https:\\\/\\\/runningmama.it\\\/shop\\\/#\\\/schema\\\/logo\\\/image\\\/\"},\"sameAs\":[\"https:\\\/\\\/www.facebook.com\\\/runningmama1\",\"https:\\\/\\\/www.instagram.com\\\/_runningmama_\\\/?hl=it\"]}]}<\/script>\n<!-- \/ Yoast SEO plugin. -->","yoast_head_json":{"title":"Maglia manica lunga linea FUCSIA FLUO - Running Mama","robots":{"index":"index","follow":"follow","max-snippet":"max-snippet:-1","max-image-preview":"max-image-preview:large","max-video-preview":"max-video-preview:-1"},"canonical":"https:\/\/runningmama.it\/shop\/product\/maglia-manica-lunga-fuxia-fluo\/","og_locale":"it_IT","og_type":"article","og_title":"Maglia manica lunga linea FUCSIA FLUO - Running Mama","og_description":"Scopri la nuova collezione di abbigliamento tecnico Running Mama disponibile in serie limitata per l'estate 2022!  Non pu\u00f2 mancare la maglia a manica lunga Running Mama in fantasia fucsia fluo, prodotta in tessuto tecnico leggero, anti-vento e traspirante. Concepita appositamente per le stagioni pi\u00f9 calde e le giornate ventilate, ha vestibilit\u00e0 aderente, \u00e8 confortevole e adattabile al corpo. E' perfetta per i nostri allenamenti indoor e outdoor!","og_url":"https:\/\/runningmama.it\/shop\/product\/maglia-manica-lunga-fuxia-fluo\/","og_site_name":"Running Mama","article_publisher":"https:\/\/www.facebook.com\/runningmama1","article_modified_time":"2022-10-26T08:59:25+00:00","og_image":[{"width":1600,"height":1600,"url":"https:\/\/runningmama.it\/shop\/wp-content\/uploads\/2022\/06\/WhatsApp-Image-2022-06-08-at-11.01.38.jpeg","type":"image\/jpeg"}],"twitter_card":"summary_large_image","twitter_misc":{"Tempo di lettura stimato":"1 minuto"},"schema":{"@context":"https:\/\/schema.org","@graph":[{"@type":"WebPage","@id":"https:\/\/runningmama.it\/shop\/product\/maglia-manica-lunga-fuxia-fluo\/","url":"https:\/\/runningmama.it\/shop\/product\/maglia-manica-lunga-fuxia-fluo\/","name":"Maglia manica lunga linea FUCSIA FLUO - Running Mama","isPartOf":{"@id":"https:\/\/runningmama.it\/shop\/#website"},"primaryImageOfPage":{"@id":"https:\/\/runningmama.it\/shop\/product\/maglia-manica-lunga-fuxia-fluo\/#primaryimage"},"image":{"@id":"https:\/\/runningmama.it\/shop\/product\/maglia-manica-lunga-fuxia-fluo\/#primaryimage"},"thumbnailUrl":"https:\/\/runningmama.it\/shop\/wp-content\/uploads\/2022\/06\/WhatsApp-Image-2022-06-08-at-11.01.38.jpeg","datePublished":"2022-06-10T05:00:13+00:00","dateModified":"2022-10-26T08:59:25+00:00","breadcrumb":{"@id":"https:\/\/runningmama.it\/shop\/product\/maglia-manica-lunga-fuxia-fluo\/#breadcrumb"},"inLanguage":"it-IT","potentialAction":[{"@type":"ReadAction","target":["https:\/\/runningmama.it\/shop\/product\/maglia-manica-lunga-fuxia-fluo\/"]}]},{"@type":"ImageObject","inLanguage":"it-IT","@id":"https:\/\/runningmama.it\/shop\/product\/maglia-manica-lunga-fuxia-fluo\/#primaryimage","url":"https:\/\/runningmama.it\/shop\/wp-content\/uploads\/2022\/06\/WhatsApp-Image-2022-06-08-at-11.01.38.jpeg","contentUrl":"https:\/\/runningmama.it\/shop\/wp-content\/uploads\/2022\/06\/WhatsApp-Image-2022-06-08-at-11.01.38.jpeg","width":1600,"height":1600},{"@type":"BreadcrumbList","@id":"https:\/\/runningmama.it\/shop\/product\/maglia-manica-lunga-fuxia-fluo\/#breadcrumb","itemListElement":[{"@type":"ListItem","position":1,"name":"Home","item":"https:\/\/runningmama.it\/shop\/"},{"@type":"ListItem","position":2,"name":"Shop","item":"https:\/\/runningmama.it\/shop\/"},{"@type":"ListItem","position":3,"name":"Abbigliamento","item":"https:\/\/runningmama.it\/shop\/categoria-prodotto\/abbigliamento-tutto\/"},{"@type":"ListItem","position":4,"name":"Maglia manica lunga linea FUCSIA FLUO"}]},{"@type":"WebSite","@id":"https:\/\/runningmama.it\/shop\/#website","url":"https:\/\/runningmama.it\/shop\/","name":"Running Mama","description":"Shop Ufficiale","publisher":{"@id":"https:\/\/runningmama.it\/shop\/#organization"},"potentialAction":[{"@type":"SearchAction","target":{"@type":"EntryPoint","urlTemplate":"https:\/\/runningmama.it\/shop\/?s={search_term_string}"},"query-input":{"@type":"PropertyValueSpecification","valueRequired":true,"valueName":"search_term_string"}}],"inLanguage":"it-IT"},{"@type":"Organization","@id":"https:\/\/runningmama.it\/shop\/#organization","name":"Running Mama SRLS","url":"https:\/\/runningmama.it\/shop\/","logo":{"@type":"ImageObject","inLanguage":"it-IT","@id":"https:\/\/runningmama.it\/shop\/#\/schema\/logo\/image\/","url":"https:\/\/runningmama.it\/shop\/wp-content\/uploads\/2020\/11\/RUNMA_logo-2X.png","contentUrl":"https:\/\/runningmama.it\/shop\/wp-content\/uploads\/2020\/11\/RUNMA_logo-2X.png","width":604,"height":300,"caption":"Running Mama SRLS"},"image":{"@id":"https:\/\/runningmama.it\/shop\/#\/schema\/logo\/image\/"},"sameAs":["https:\/\/www.facebook.com\/runningmama1","https:\/\/www.instagram.com\/_runningmama_\/?hl=it"]}]}},"_links":{"self":[{"href":"https:\/\/runningmama.it\/shop\/wp-json\/wp\/v2\/product\/249862","targetHints":{"allow":["GET"]}}],"collection":[{"href":"https:\/\/runningmama.it\/shop\/wp-json\/wp\/v2\/product"}],"about":[{"href":"https:\/\/runningmama.it\/shop\/wp-json\/wp\/v2\/types\/product"}],"replies":[{"embeddable":true,"href":"https:\/\/runningmama.it\/shop\/wp-json\/wp\/v2\/comments?post=249862"}],"wp:featuredmedia":[{"embeddable":true,"href":"https:\/\/runningmama.it\/shop\/wp-json\/wp\/v2\/media\/249909"}],"wp:attachment":[{"href":"https:\/\/runningmama.it\/shop\/wp-json\/wp\/v2\/media?parent=249862"}],"wp:term":[{"taxonomy":"product_brand","embeddable":true,"href":"https:\/\/runningmama.it\/shop\/wp-json\/wp\/v2\/product_brand?post=249862"},{"taxonomy":"product_cat","embeddable":true,"href":"https:\/\/runningmama.it\/shop\/wp-json\/wp\/v2\/product_cat?post=249862"},{"taxonomy":"product_tag","embeddable":true,"href":"https:\/\/runningmama.it\/shop\/wp-json\/wp\/v2\/product_tag?post=249862"}],"curies":[{"name":"wp","href":"https:\/\/api.w.org\/{rel}","templated":true}]}}